{"id":946,"date":"2015-12-12T20:59:36","date_gmt":"2015-12-12T19:59:36","guid":{"rendered":"https:\/\/xavierdesandrenavarre.wordpress.com\/?page_id=946"},"modified":"2015-12-12T20:59:36","modified_gmt":"2015-12-12T19:59:36","slug":"extraits-de-presse","status":"publish","type":"page","link":"https:\/\/www.xavierdesandrenavarre.com\/index.php\/fr\/extraits-de-presse\/","title":{"rendered":"EXTRAITS DE PRESSE"},"content":{"rendered":"<blockquote>\n<p class=\"p1\" style=\"text-align:justify;\"><em><span class=\"s1\"><img loading=\"lazy\" decoding=\"async\" class=\" size-full wp-image-962 alignleft\" src=\"https:\/\/www.xavierdesandrenavarre.com\/wp-content\/uploads\/2015\/12\/capture-d_ecc81cran-2015-12-12-acc80-20-51-54.png\" alt=\"Capture d\u2019e\u0301cran 2015-12-12 a\u0300 20.51.54\" width=\"183\" height=\"63\" \/>\u00ab\u00a0IN PULSE fait entendre une mise en jeu des atmosph\u00e8res, une expressivit\u00e9 fluide, des imaginations pleines de vie musicienne.\u00a0\u00bb<\/span><\/em><\/p>\n<p class=\"p1\" style=\"text-align:right;\"><span class=\"s1\"><b>Sylvain Siclier,\u00a0Le Monde<\/b><\/span><\/p>\n<\/blockquote>\n<blockquote>\n<p class=\"p4\" style=\"text-align:justify;\"><em><span class=\"s1\"><img loading=\"lazy\" decoding=\"async\" class=\" size-full wp-image-958 alignleft\" src=\"https:\/\/www.xavierdesandrenavarre.com\/wp-content\/uploads\/2015\/12\/capture-d_ecc81cran-2015-12-12-acc80-20-52-02.png\" alt=\"Capture d\u2019e\u0301cran 2015-12-12 a\u0300 20.52.02\" width=\"152\" height=\"49\" srcset=\"https:\/\/www.xavierdesandrenavarre.com\/wp-content\/uploads\/2015\/12\/capture-d_ecc81cran-2015-12-12-acc80-20-52-02.png 152w, https:\/\/www.xavierdesandrenavarre.com\/wp-content\/uploads\/2015\/12\/capture-d_ecc81cran-2015-12-12-acc80-20-52-02-150x49.png 150w\" sizes=\"auto, (max-width: 152px) 100vw, 152px\" \/>\u00ab\u00a0Xavier Desandre Navarre rappelle a quel point le Jazz sait englober ces traditions orientales ou br\u00e9siliennes.\u00a0\u00bb<\/span><\/em><\/p>\n<p class=\"p4\" style=\"text-align:right;\"><span class=\"s1\"><b>Christian Larr\u00e8de,\u00a0Jazz News<\/b><\/span><\/p>\n<p class=\"p1\" style=\"text-align:justify;\">\n<\/blockquote>\n<blockquote>\n<p class=\"p1\" style=\"text-align:justify;\"><em><span class=\"s1\"><img loading=\"lazy\" decoding=\"async\" class=\"  wp-image-959 alignleft\" src=\"https:\/\/www.xavierdesandrenavarre.com\/wp-content\/uploads\/2015\/12\/capture-d_ecc81cran-2015-12-12-acc80-20-52-13.png\" alt=\"Capture d\u2019e\u0301cran 2015-12-12 a\u0300 20.52.13\" width=\"226\" height=\"53\" \/>\u00ab\u00a0Tr\u00e8s \u00e9l\u00e9gant, le mat\u00e9riau th\u00e9matique sign\u00e9 par XDN, se distingue \u00e0 la fois par sa simplicit\u00e9 et son raffinement, ses m\u00e9lodies claires et ses climats sereins qui laissent beaucoup de place aux nuances, aux respirations et \u00e0 l&rsquo;improvisation\u00a0\u00bb<\/span><\/em><\/p>\n<p class=\"p1\" style=\"text-align:right;\"><span class=\"s1\"><b>Felix Marciano, Jazz Magazine<\/b><\/span><\/p>\n<\/blockquote>\n<blockquote>\n<p class=\"p4\"><em><span class=\"s1\"><img loading=\"lazy\" decoding=\"async\" class=\" size-full wp-image-961 alignleft\" src=\"https:\/\/www.xavierdesandrenavarre.com\/wp-content\/uploads\/2015\/12\/capture-d_ecc81cran-2015-12-12-acc80-20-52-23.png\" alt=\"Capture d\u2019e\u0301cran 2015-12-12 a\u0300 20.52.23\" width=\"134\" height=\"53\" \/>\u201cCet IN PULSE bien nomm\u00e9 est une heureuse surprise\u201d<\/span><\/em><\/p>\n<p class=\"p4\" style=\"text-align:right;\"><span class=\"s1\"><b>Michel Contat, T\u00e9l\u00e9rama<\/b><\/span><\/p>\n<\/blockquote>\n<blockquote>\n<p class=\"p1\" style=\"text-align:justify;\"><em><span class=\"s1\"><img loading=\"lazy\" decoding=\"async\" class=\" size-full wp-image-960 alignleft\" src=\"https:\/\/www.xavierdesandrenavarre.com\/wp-content\/uploads\/2015\/12\/capture-d_ecc81cran-2015-12-12-acc80-20-52-31.png\" alt=\"Capture d\u2019e\u0301cran 2015-12-12 a\u0300 20.52.31\" width=\"151\" height=\"38\" srcset=\"https:\/\/www.xavierdesandrenavarre.com\/wp-content\/uploads\/2015\/12\/capture-d_ecc81cran-2015-12-12-acc80-20-52-31.png 151w, https:\/\/www.xavierdesandrenavarre.com\/wp-content\/uploads\/2015\/12\/capture-d_ecc81cran-2015-12-12-acc80-20-52-31-150x38.png 150w\" sizes=\"auto, (max-width: 151px) 100vw, 151px\" \/>\u00ab\u00a0<\/span><\/em><em><span class=\"s1\">Fertilit\u00e9 de sa frappe, m\u00e9lodies lumineuses. Une gr\u00e2ce supr\u00eame.\u00a0\u00bb<\/span><\/em><\/p>\n<p class=\"p1\" style=\"text-align:right;\"><span class=\"s1\"><b>Fara C,\u00a0L&rsquo;Humanit\u00e9<\/b><\/span><\/p>\n<\/blockquote>\n<blockquote>\n<p class=\"p1\" style=\"text-align:justify;\"><em><span class=\"s1\"><img loading=\"lazy\" decoding=\"async\" class=\" size-full wp-image-963 alignleft\" src=\"https:\/\/www.xavierdesandrenavarre.com\/wp-content\/uploads\/2015\/12\/capture-d_ecc81cran-2015-12-12-acc80-20-52-40.png\" alt=\"Capture d\u2019e\u0301cran 2015-12-12 a\u0300 20.52.40\" width=\"176\" height=\"30\" \/>\u00ab\u00a0Un jazz d\u2019inspiration europ\u00e9enne, qu\u2019il s\u2019emploie cependant \u00e0 transcender de son jeu inventif, percussif, moins world qu\u2019alter-mondialiste.\u00a0\u00bb<\/span><\/em><\/p>\n<p class=\"p1\" style=\"text-align:right;\"><span class=\"s1\"><b>Jeremy Bernede,\u00a0Midi Libre<\/b><\/span><\/p>\n<\/blockquote>\n<blockquote>\n<p class=\"p1\" style=\"text-align:justify;\"><em><span class=\"s1\"><img loading=\"lazy\" decoding=\"async\" class=\" size-full wp-image-965 alignleft\" src=\"https:\/\/www.xavierdesandrenavarre.com\/wp-content\/uploads\/2015\/12\/capture-d_ecc81cran-2015-12-12-acc80-20-52-51.png\" alt=\"Capture d\u2019e\u0301cran 2015-12-12 a\u0300 20.52.51\" width=\"165\" height=\"35\" \/>\u00ab\u00a0Une musique dont l&rsquo;\u00e9nergie teint\u00e9e des influences des Cara\u00efbes, de l&rsquo;Orient ou de l&rsquo;Afrique, est singuli\u00e8rement communicative.\u00a0\u00bb<\/span><\/em><\/p>\n<p class=\"p1\" style=\"text-align:right;\"><span class=\"s1\"><b>Frederic Charbaut,\u00a0Couleurs Jazz<\/b><\/span><\/p>\n<\/blockquote>\n<blockquote>\n<p class=\"p4\" style=\"text-align:justify;\"><em><span class=\"s1\"><img loading=\"lazy\" decoding=\"async\" class=\"  wp-image-966 alignleft\" src=\"https:\/\/www.xavierdesandrenavarre.com\/wp-content\/uploads\/2015\/12\/capture-d_ecc81cran-2015-12-12-acc80-20-52-59.png\" alt=\"Capture d\u2019e\u0301cran 2015-12-12 a\u0300 20.52.59\" width=\"197\" height=\"167\" \/>\u00ab\u00a0Admirable percussionniste. La richesse de ce qu\u2019il exprime est infinie dans sa recherche des sons, des placements et des influences venues du monde entier.\u00a0\u00bb<\/span><\/em><\/p>\n<p class=\"p4\" style=\"text-align:justify;\"><em><span class=\"s1\">\u00ab\u00a0Le pianiste Emile Spanyi comme toujours \u00e9blouissant.\u00a0\u00bb<\/span><\/em><\/p>\n<p class=\"p4\" style=\"text-align:justify;\"><em><span class=\"s1\">\u00ab\u00a0St\u00e9phane Guillaume (admirable) \u00e0 la fl\u00fbte\u00a0\u00bb<\/span><\/em><\/p>\n<p class=\"p4\" style=\"text-align:justify;\"><em><span class=\"s1\">\u00ab\u00a0Au gr\u00e9 de l&rsquo;album on est frapp\u00e9s par l\u2019\u00e9tendue des sons d\u00e9ploy\u00e9s par Xavier Desandre Navarre v\u00e9ritable cam\u00e9l\u00e9on-sorcier vaudou &#8211; magicien des peaux et des r\u00e9sonances.\u00a0\u00bb<\/span><\/em><\/p>\n<p class=\"p4\" style=\"text-align:right;\"><span class=\"s1\"><b>Jean Marc G\u00e9lin, Les Derni\u00e8res Nouvelles Du Jazz<\/b><\/span><\/p>\n<\/blockquote>\n<blockquote>\n<p class=\"p8\" style=\"text-align:justify;\"><em><span class=\"s1\"><img loading=\"lazy\" decoding=\"async\" class=\"  wp-image-964 alignleft\" src=\"https:\/\/www.xavierdesandrenavarre.com\/wp-content\/uploads\/2015\/12\/capture-d_ecc81cran-2015-12-12-acc80-20-53-08.png\" alt=\"Capture d\u2019e\u0301cran 2015-12-12 a\u0300 20.53.08\" width=\"142\" height=\"70\" \/>\u00ab\u00a0Un jazz qui relie les pieds, les battements du c\u0153ur et la force de l\u2019esprit\u00a0\u00bb.<\/span><\/em><\/p>\n<p class=\"p8\" style=\"text-align:justify;\"><em><span class=\"s1\">\u00ab\u00a0La subtilit\u00e9 des compositions et du jeu du quintet et de ses invit\u00e9s en font un rare exemple d\u2019orf\u00e8vrerie musicale\u00a0\u00bb <\/span><\/em><\/p>\n<p class=\"p8\" style=\"text-align:right;\"><span class=\"s1\"><b>Magazine de l\u2019ENA hors les murs<\/b><\/span><\/p>\n<\/blockquote>\n<blockquote>\n<p class=\"p8\" style=\"text-align:justify;\"><em><span class=\"s1\"><img loading=\"lazy\" decoding=\"async\" class=\" size-full wp-image-967 alignleft\" src=\"https:\/\/www.xavierdesandrenavarre.com\/wp-content\/uploads\/2015\/12\/capture-d_ecc81cran-2015-12-12-acc80-20-53-20.png\" alt=\"Capture d\u2019e\u0301cran 2015-12-12 a\u0300 20.53.20\" width=\"229\" height=\"53\" \/>\u00ab\u00a0Superbe album du percussionniste, kal\u00e9idoscope de tableaux souvenirs,<span class=\"Apple-converted-space\">\u00a0 <\/span>une ambiance salvatrice\u00a0\u00bb<\/span><\/em><\/p>\n<p class=\"p8\" style=\"text-align:right;\"><span class=\"s1\"><b>Homme Deluxe\u00a0<b>Magazine<\/b><\/b><\/span><\/p>\n<\/blockquote>\n","protected":false},"excerpt":{"rendered":"<p>\u00ab\u00a0IN PULSE fait entendre une mise en jeu des atmosph\u00e8res, une expressivit\u00e9 fluide, des imaginations pleines de vie musicienne.\u00a0\u00bb Sylvain Siclier,\u00a0Le Monde \u00ab\u00a0Xavier Desandre Navarre rappelle a quel point le Jazz sait englober ces traditions orientales ou br\u00e9siliennes.\u00a0\u00bb Christian Larr\u00e8de,\u00a0Jazz News \u00ab\u00a0Tr\u00e8s \u00e9l\u00e9gant, le mat\u00e9riau th\u00e9matique sign\u00e9 par XDN, se distingue \u00e0 la fois par &hellip; <a class=\"more-link\" href=\"https:\/\/www.xavierdesandrenavarre.com\/index.php\/fr\/extraits-de-presse\/\">Lire la suite <span class=\"screen-reader-text\">EXTRAITS DE PRESSE<\/span><\/a><\/p>\n","protected":false},"author":4,"featured_media":0,"parent":0,"menu_order":0,"comment_status":"closed","ping_status":"closed","template":"","meta":{"__cvm_playback_settings":[],"__cvm_video_id":"","footnotes":""},"class_list":["post-946","page","type-page","status-publish","hentry"],"yoast_head":"<!-- This site is optimized with the Yoast SEO plugin v27.5 - https:\/\/yoast.com\/product\/yoast-seo-wordpress\/ -->\n<title>EXTRAITS DE PRESSE &#8226; Xavier DESANDRE NAVARRE<\/title>\n<meta name=\"robots\" content=\"index, follow, max-snippet:-1, max-image-preview:large, max-video-preview:-1\" \/>\n<link rel=\"canonical\" href=\"https:\/\/www.xavierdesandrenavarre.com\/index.php\/fr\/extraits-de-presse\/\" \/>\n<meta property=\"og:locale\" content=\"fr_FR\" \/>\n<meta property=\"og:type\" content=\"article\" \/>\n<meta property=\"og:title\" content=\"EXTRAITS DE PRESSE &#8226; Xavier DESANDRE NAVARRE\" \/>\n<meta property=\"og:description\" content=\"\u00ab\u00a0IN PULSE fait entendre une mise en jeu des atmosph\u00e8res, une expressivit\u00e9 fluide, des imaginations pleines de vie musicienne.\u00a0\u00bb Sylvain Siclier,\u00a0Le Monde \u00ab\u00a0Xavier Desandre Navarre rappelle a quel point le Jazz sait englober ces traditions orientales ou br\u00e9siliennes.\u00a0\u00bb Christian Larr\u00e8de,\u00a0Jazz News \u00ab\u00a0Tr\u00e8s \u00e9l\u00e9gant, le mat\u00e9riau th\u00e9matique sign\u00e9 par XDN, se distingue \u00e0 la fois par &hellip; Lire la suite EXTRAITS DE PRESSE\" \/>\n<meta property=\"og:url\" content=\"https:\/\/www.xavierdesandrenavarre.com\/index.php\/fr\/extraits-de-presse\/\" \/>\n<meta property=\"og:site_name\" content=\"Xavier DESANDRE NAVARRE\" \/>\n<meta property=\"og:image\" content=\"http:\/\/www.xavierdesandrenavarre.com\/wp-content\/uploads\/2015\/12\/capture-d_ecc81cran-2015-12-12-acc80-20-51-54.png\" \/>\n<meta name=\"twitter:card\" content=\"summary_large_image\" \/>\n<meta name=\"twitter:label1\" content=\"Dur\u00e9e de lecture estim\u00e9e\" \/>\n\t<meta name=\"twitter:data1\" content=\"2 minutes\" \/>\n<script type=\"application\/ld+json\" class=\"yoast-schema-graph\">{\"@context\":\"https:\\\/\\\/schema.org\",\"@graph\":[{\"@type\":\"WebPage\",\"@id\":\"https:\\\/\\\/www.xavierdesandrenavarre.com\\\/index.php\\\/fr\\\/extraits-de-presse\\\/\",\"url\":\"https:\\\/\\\/www.xavierdesandrenavarre.com\\\/index.php\\\/fr\\\/extraits-de-presse\\\/\",\"name\":\"EXTRAITS DE PRESSE &#8226; Xavier DESANDRE NAVARRE\",\"isPartOf\":{\"@id\":\"https:\\\/\\\/www.xavierdesandrenavarre.com\\\/#website\"},\"primaryImageOfPage\":{\"@id\":\"https:\\\/\\\/www.xavierdesandrenavarre.com\\\/index.php\\\/fr\\\/extraits-de-presse\\\/#primaryimage\"},\"image\":{\"@id\":\"https:\\\/\\\/www.xavierdesandrenavarre.com\\\/index.php\\\/fr\\\/extraits-de-presse\\\/#primaryimage\"},\"thumbnailUrl\":\"http:\\\/\\\/www.xavierdesandrenavarre.com\\\/wp-content\\\/uploads\\\/2015\\\/12\\\/capture-d_ecc81cran-2015-12-12-acc80-20-51-54.png\",\"datePublished\":\"2015-12-12T19:59:36+00:00\",\"breadcrumb\":{\"@id\":\"https:\\\/\\\/www.xavierdesandrenavarre.com\\\/index.php\\\/fr\\\/extraits-de-presse\\\/#breadcrumb\"},\"inLanguage\":\"fr-FR\",\"potentialAction\":[{\"@type\":\"ReadAction\",\"target\":[\"https:\\\/\\\/www.xavierdesandrenavarre.com\\\/index.php\\\/fr\\\/extraits-de-presse\\\/\"]}]},{\"@type\":\"ImageObject\",\"inLanguage\":\"fr-FR\",\"@id\":\"https:\\\/\\\/www.xavierdesandrenavarre.com\\\/index.php\\\/fr\\\/extraits-de-presse\\\/#primaryimage\",\"url\":\"http:\\\/\\\/www.xavierdesandrenavarre.com\\\/wp-content\\\/uploads\\\/2015\\\/12\\\/capture-d_ecc81cran-2015-12-12-acc80-20-51-54.png\",\"contentUrl\":\"http:\\\/\\\/www.xavierdesandrenavarre.com\\\/wp-content\\\/uploads\\\/2015\\\/12\\\/capture-d_ecc81cran-2015-12-12-acc80-20-51-54.png\"},{\"@type\":\"BreadcrumbList\",\"@id\":\"https:\\\/\\\/www.xavierdesandrenavarre.com\\\/index.php\\\/fr\\\/extraits-de-presse\\\/#breadcrumb\",\"itemListElement\":[{\"@type\":\"ListItem\",\"position\":1,\"name\":\"Accueil\",\"item\":\"https:\\\/\\\/www.xavierdesandrenavarre.com\\\/index.php\\\/fr\\\/actualites\\\/\"},{\"@type\":\"ListItem\",\"position\":2,\"name\":\"EXTRAITS DE PRESSE\"}]},{\"@type\":\"WebSite\",\"@id\":\"https:\\\/\\\/www.xavierdesandrenavarre.com\\\/#website\",\"url\":\"https:\\\/\\\/www.xavierdesandrenavarre.com\\\/\",\"name\":\"Xavier Desandre Navarre\",\"description\":\"CREATIVE DRUMMING \",\"publisher\":{\"@id\":\"https:\\\/\\\/www.xavierdesandrenavarre.com\\\/#\\\/schema\\\/person\\\/d44923d7590d78b38ce0e9c1941a2c75\"},\"potentialAction\":[{\"@type\":\"SearchAction\",\"target\":{\"@type\":\"EntryPoint\",\"urlTemplate\":\"https:\\\/\\\/www.xavierdesandrenavarre.com\\\/?s={search_term_string}\"},\"query-input\":{\"@type\":\"PropertyValueSpecification\",\"valueRequired\":true,\"valueName\":\"search_term_string\"}}],\"inLanguage\":\"fr-FR\"},{\"@type\":[\"Person\",\"Organization\"],\"@id\":\"https:\\\/\\\/www.xavierdesandrenavarre.com\\\/#\\\/schema\\\/person\\\/d44923d7590d78b38ce0e9c1941a2c75\",\"name\":\"Xavier DESANDRE NAVARRE\",\"image\":{\"@type\":\"ImageObject\",\"inLanguage\":\"fr-FR\",\"@id\":\"https:\\\/\\\/secure.gravatar.com\\\/avatar\\\/f5d0177a75f71d2039289a3687726c1181fc9368e48f4469bd627ff20d15397b?s=96&d=mm&r=g\",\"url\":\"https:\\\/\\\/secure.gravatar.com\\\/avatar\\\/f5d0177a75f71d2039289a3687726c1181fc9368e48f4469bd627ff20d15397b?s=96&d=mm&r=g\",\"contentUrl\":\"https:\\\/\\\/secure.gravatar.com\\\/avatar\\\/f5d0177a75f71d2039289a3687726c1181fc9368e48f4469bd627ff20d15397b?s=96&d=mm&r=g\",\"caption\":\"Xavier DESANDRE NAVARRE\"},\"logo\":{\"@id\":\"https:\\\/\\\/secure.gravatar.com\\\/avatar\\\/f5d0177a75f71d2039289a3687726c1181fc9368e48f4469bd627ff20d15397b?s=96&d=mm&r=g\"}}]}<\/script>\n<!-- \/ Yoast SEO plugin. -->","yoast_head_json":{"title":"EXTRAITS DE PRESSE &#8226; Xavier DESANDRE NAVARRE","robots":{"index":"index","follow":"follow","max-snippet":"max-snippet:-1","max-image-preview":"max-image-preview:large","max-video-preview":"max-video-preview:-1"},"canonical":"https:\/\/www.xavierdesandrenavarre.com\/index.php\/fr\/extraits-de-presse\/","og_locale":"fr_FR","og_type":"article","og_title":"EXTRAITS DE PRESSE &#8226; Xavier DESANDRE NAVARRE","og_description":"\u00ab\u00a0IN PULSE fait entendre une mise en jeu des atmosph\u00e8res, une expressivit\u00e9 fluide, des imaginations pleines de vie musicienne.\u00a0\u00bb Sylvain Siclier,\u00a0Le Monde \u00ab\u00a0Xavier Desandre Navarre rappelle a quel point le Jazz sait englober ces traditions orientales ou br\u00e9siliennes.\u00a0\u00bb Christian Larr\u00e8de,\u00a0Jazz News \u00ab\u00a0Tr\u00e8s \u00e9l\u00e9gant, le mat\u00e9riau th\u00e9matique sign\u00e9 par XDN, se distingue \u00e0 la fois par &hellip; Lire la suite EXTRAITS DE PRESSE","og_url":"https:\/\/www.xavierdesandrenavarre.com\/index.php\/fr\/extraits-de-presse\/","og_site_name":"Xavier DESANDRE NAVARRE","og_image":[{"url":"http:\/\/www.xavierdesandrenavarre.com\/wp-content\/uploads\/2015\/12\/capture-d_ecc81cran-2015-12-12-acc80-20-51-54.png","type":"","width":"","height":""}],"twitter_card":"summary_large_image","twitter_misc":{"Dur\u00e9e de lecture estim\u00e9e":"2 minutes"},"schema":{"@context":"https:\/\/schema.org","@graph":[{"@type":"WebPage","@id":"https:\/\/www.xavierdesandrenavarre.com\/index.php\/fr\/extraits-de-presse\/","url":"https:\/\/www.xavierdesandrenavarre.com\/index.php\/fr\/extraits-de-presse\/","name":"EXTRAITS DE PRESSE &#8226; Xavier DESANDRE NAVARRE","isPartOf":{"@id":"https:\/\/www.xavierdesandrenavarre.com\/#website"},"primaryImageOfPage":{"@id":"https:\/\/www.xavierdesandrenavarre.com\/index.php\/fr\/extraits-de-presse\/#primaryimage"},"image":{"@id":"https:\/\/www.xavierdesandrenavarre.com\/index.php\/fr\/extraits-de-presse\/#primaryimage"},"thumbnailUrl":"http:\/\/www.xavierdesandrenavarre.com\/wp-content\/uploads\/2015\/12\/capture-d_ecc81cran-2015-12-12-acc80-20-51-54.png","datePublished":"2015-12-12T19:59:36+00:00","breadcrumb":{"@id":"https:\/\/www.xavierdesandrenavarre.com\/index.php\/fr\/extraits-de-presse\/#breadcrumb"},"inLanguage":"fr-FR","potentialAction":[{"@type":"ReadAction","target":["https:\/\/www.xavierdesandrenavarre.com\/index.php\/fr\/extraits-de-presse\/"]}]},{"@type":"ImageObject","inLanguage":"fr-FR","@id":"https:\/\/www.xavierdesandrenavarre.com\/index.php\/fr\/extraits-de-presse\/#primaryimage","url":"http:\/\/www.xavierdesandrenavarre.com\/wp-content\/uploads\/2015\/12\/capture-d_ecc81cran-2015-12-12-acc80-20-51-54.png","contentUrl":"http:\/\/www.xavierdesandrenavarre.com\/wp-content\/uploads\/2015\/12\/capture-d_ecc81cran-2015-12-12-acc80-20-51-54.png"},{"@type":"BreadcrumbList","@id":"https:\/\/www.xavierdesandrenavarre.com\/index.php\/fr\/extraits-de-presse\/#breadcrumb","itemListElement":[{"@type":"ListItem","position":1,"name":"Accueil","item":"https:\/\/www.xavierdesandrenavarre.com\/index.php\/fr\/actualites\/"},{"@type":"ListItem","position":2,"name":"EXTRAITS DE PRESSE"}]},{"@type":"WebSite","@id":"https:\/\/www.xavierdesandrenavarre.com\/#website","url":"https:\/\/www.xavierdesandrenavarre.com\/","name":"Xavier Desandre Navarre","description":"CREATIVE DRUMMING ","publisher":{"@id":"https:\/\/www.xavierdesandrenavarre.com\/#\/schema\/person\/d44923d7590d78b38ce0e9c1941a2c75"},"potentialAction":[{"@type":"SearchAction","target":{"@type":"EntryPoint","urlTemplate":"https:\/\/www.xavierdesandrenavarre.com\/?s={search_term_string}"},"query-input":{"@type":"PropertyValueSpecification","valueRequired":true,"valueName":"search_term_string"}}],"inLanguage":"fr-FR"},{"@type":["Person","Organization"],"@id":"https:\/\/www.xavierdesandrenavarre.com\/#\/schema\/person\/d44923d7590d78b38ce0e9c1941a2c75","name":"Xavier DESANDRE NAVARRE","image":{"@type":"ImageObject","inLanguage":"fr-FR","@id":"https:\/\/secure.gravatar.com\/avatar\/f5d0177a75f71d2039289a3687726c1181fc9368e48f4469bd627ff20d15397b?s=96&d=mm&r=g","url":"https:\/\/secure.gravatar.com\/avatar\/f5d0177a75f71d2039289a3687726c1181fc9368e48f4469bd627ff20d15397b?s=96&d=mm&r=g","contentUrl":"https:\/\/secure.gravatar.com\/avatar\/f5d0177a75f71d2039289a3687726c1181fc9368e48f4469bd627ff20d15397b?s=96&d=mm&r=g","caption":"Xavier DESANDRE NAVARRE"},"logo":{"@id":"https:\/\/secure.gravatar.com\/avatar\/f5d0177a75f71d2039289a3687726c1181fc9368e48f4469bd627ff20d15397b?s=96&d=mm&r=g"}}]}},"_links":{"self":[{"href":"https:\/\/www.xavierdesandrenavarre.com\/index.php\/wp-json\/wp\/v2\/pages\/946","targetHints":{"allow":["GET"]}}],"collection":[{"href":"https:\/\/www.xavierdesandrenavarre.com\/index.php\/wp-json\/wp\/v2\/pages"}],"about":[{"href":"https:\/\/www.xavierdesandrenavarre.com\/index.php\/wp-json\/wp\/v2\/types\/page"}],"author":[{"embeddable":true,"href":"https:\/\/www.xavierdesandrenavarre.com\/index.php\/wp-json\/wp\/v2\/users\/4"}],"replies":[{"embeddable":true,"href":"https:\/\/www.xavierdesandrenavarre.com\/index.php\/wp-json\/wp\/v2\/comments?post=946"}],"version-history":[{"count":0,"href":"https:\/\/www.xavierdesandrenavarre.com\/index.php\/wp-json\/wp\/v2\/pages\/946\/revisions"}],"wp:attachment":[{"href":"https:\/\/www.xavierdesandrenavarre.com\/index.php\/wp-json\/wp\/v2\/media?parent=946"}],"curies":[{"name":"wp","href":"https:\/\/api.w.org\/{rel}","templated":true}]}}