{"id":1359,"date":"2016-03-30T15:27:41","date_gmt":"2016-03-30T14:27:41","guid":{"rendered":"http:\/\/www.xavierdesandrenavarre.com\/?page_id=1359"},"modified":"2017-03-06T12:03:10","modified_gmt":"2017-03-06T11:03:10","slug":"laurent-garnier-live-pleyel","status":"publish","type":"page","link":"https:\/\/www.xavierdesandrenavarre.com\/index.php\/fr\/laurent-garnier-live-pleyel\/","title":{"rendered":"Laurent GARNIER Live @ PLEYEL"},"content":{"rendered":"<p><strong>Laurent GARNIER \u00ab\u00a0GNANMANKOUDJII\u00a0\u00bb, concert live \u00e0 la c\u00e9l\u00e8bre salle PLEYEL de Paris<\/strong><\/p>\n<div class=\"epyt-video-wrapper\">\n<div  id=\"_ytid_59539\"  width=\"560\" height=\"315\"  data-origwidth=\"560\" data-origheight=\"315\" data-facadesrc=\"https:\/\/www.youtube.com\/embed\/USiTd2moRKw?enablejsapi=1&#038;autoplay=0&#038;cc_load_policy=0&#038;cc_lang_pref=&#038;iv_load_policy=3&#038;loop=0&#038;rel=0&#038;fs=1&#038;playsinline=1&#038;autohide=1&#038;theme=dark&#038;color=red&#038;controls=1&#038;disablekb=0&#038;\" class=\"__youtube_prefs__ epyt-facade epyt-is-override  no-lazyload\" data-epautoplay=\"1\" ><img decoding=\"async\" data-spai-excluded=\"true\" class=\"epyt-facade-poster skip-lazy\" loading=\"lazy\"  alt=\"YouTube player\"  src=\"https:\/\/i.ytimg.com\/vi\/USiTd2moRKw\/maxresdefault.jpg\"  \/><button class=\"epyt-facade-play\" aria-label=\"Play\"><svg data-no-lazy=\"1\" height=\"100%\" version=\"1.1\" viewBox=\"0 0 68 48\" width=\"100%\"><path class=\"ytp-large-play-button-bg\" d=\"M66.52,7.74c-0.78-2.93-2.49-5.41-5.42-6.19C55.79,.13,34,0,34,0S12.21,.13,6.9,1.55 C3.97,2.33,2.27,4.81,1.48,7.74C0.06,13.05,0,24,0,24s0.06,10.95,1.48,16.26c0.78,2.93,2.49,5.41,5.42,6.19 C12.21,47.87,34,48,34,48s21.79-0.13,27.1-1.55c2.93-0.78,4.64-3.26,5.42-6.19C67.94,34.95,68,24,68,24S67.94,13.05,66.52,7.74z\" fill=\"#f00\"><\/path><path d=\"M 45,24 27,14 27,34\" fill=\"#fff\"><\/path><\/svg><\/button><\/div>\n<\/div>\n<p><em><strong>Concert enregistr\u00e9 \u00e0 la c\u00e9l\u00e8bre Salle Pleyel de Paris : Laurent Garnier et ses invit\u00e9s sur le titre\u00a0\u00ab\u00a0Gnanmankoudji\u00a0\u00bb. <\/strong><\/em><\/p>\n<p>Laurent Garnier &#8211; \u00e9lectronique<\/p>\n<p>Scan X &#8211; \u00e9lectronique<\/p>\n<p>Benjamin Rippert &#8211; piano\/guitare<\/p>\n<p>Philippe Nadaud &#8211; saxophone\/clarinette<\/p>\n<p>Philippe Anicaux &#8211; trompette\/trombone<\/p>\n<p><strong>Invit\u00e9s<\/strong>\u00a0:<\/p>\n<p>Anthony Joseph &#8211; voix<\/p>\n<p>Xavier Desandre Navarre &#8211; percussions\/batterie<\/p>\n<p>Thibault Pallier &#8211; saxophone<\/p>\n<p>Sebastien Decalonne &#8211; trombone<\/p>\n<p>La cit\u00e9 de la musique &amp; Hero\u00efne Prod.<\/p>\n","protected":false},"excerpt":{"rendered":"<p>Laurent GARNIER \u00ab\u00a0GNANMANKOUDJII\u00a0\u00bb, concert live \u00e0 la c\u00e9l\u00e8bre salle PLEYEL de Paris Concert enregistr\u00e9 \u00e0 la c\u00e9l\u00e8bre Salle Pleyel de Paris : Laurent Garnier et ses invit\u00e9s sur le titre\u00a0\u00ab\u00a0Gnanmankoudji\u00a0\u00bb. Laurent Garnier &#8211; \u00e9lectronique Scan X &#8211; \u00e9lectronique Benjamin Rippert &#8211; piano\/guitare Philippe Nadaud &#8211; saxophone\/clarinette Philippe Anicaux &#8211; trompette\/trombone Invit\u00e9s\u00a0: Anthony Joseph &#8211; voix &hellip; <a class=\"more-link\" href=\"https:\/\/www.xavierdesandrenavarre.com\/index.php\/fr\/laurent-garnier-live-pleyel\/\">Lire la suite <span class=\"screen-reader-text\">Laurent GARNIER Live @ PLEYEL<\/span><\/a><\/p>\n","protected":false},"author":3,"featured_media":0,"parent":0,"menu_order":0,"comment_status":"closed","ping_status":"closed","template":"","meta":{"__cvm_playback_settings":[],"__cvm_video_id":"","footnotes":""},"class_list":["post-1359","page","type-page","status-publish","hentry"],"yoast_head":"<!-- This site is optimized with the Yoast SEO plugin v27.4 - https:\/\/yoast.com\/product\/yoast-seo-wordpress\/ -->\n<title>Laurent GARNIER Live @ PLEYEL &#8226; Xavier DESANDRE NAVARRE<\/title>\n<meta name=\"robots\" content=\"index, follow, max-snippet:-1, max-image-preview:large, max-video-preview:-1\" \/>\n<link rel=\"canonical\" href=\"https:\/\/www.xavierdesandrenavarre.com\/index.php\/fr\/laurent-garnier-live-pleyel\/\" \/>\n<meta property=\"og:locale\" content=\"fr_FR\" \/>\n<meta property=\"og:type\" content=\"article\" \/>\n<meta property=\"og:title\" content=\"Laurent GARNIER Live @ PLEYEL &#8226; Xavier DESANDRE NAVARRE\" \/>\n<meta property=\"og:description\" content=\"Laurent GARNIER \u00ab\u00a0GNANMANKOUDJII\u00a0\u00bb, concert live \u00e0 la c\u00e9l\u00e8bre salle PLEYEL de Paris Concert enregistr\u00e9 \u00e0 la c\u00e9l\u00e8bre Salle Pleyel de Paris : Laurent Garnier et ses invit\u00e9s sur le titre\u00a0\u00ab\u00a0Gnanmankoudji\u00a0\u00bb. Laurent Garnier &#8211; \u00e9lectronique Scan X &#8211; \u00e9lectronique Benjamin Rippert &#8211; piano\/guitare Philippe Nadaud &#8211; saxophone\/clarinette Philippe Anicaux &#8211; trompette\/trombone Invit\u00e9s\u00a0: Anthony Joseph &#8211; voix &hellip; Lire la suite Laurent GARNIER Live @ PLEYEL\" \/>\n<meta property=\"og:url\" content=\"https:\/\/www.xavierdesandrenavarre.com\/index.php\/fr\/laurent-garnier-live-pleyel\/\" \/>\n<meta property=\"og:site_name\" content=\"Xavier DESANDRE NAVARRE\" \/>\n<meta property=\"article:modified_time\" content=\"2017-03-06T11:03:10+00:00\" \/>\n<meta name=\"twitter:card\" content=\"summary_large_image\" \/>\n<script type=\"application\/ld+json\" class=\"yoast-schema-graph\">{\"@context\":\"https:\\\/\\\/schema.org\",\"@graph\":[{\"@type\":\"WebPage\",\"@id\":\"https:\\\/\\\/www.xavierdesandrenavarre.com\\\/index.php\\\/fr\\\/laurent-garnier-live-pleyel\\\/\",\"url\":\"https:\\\/\\\/www.xavierdesandrenavarre.com\\\/index.php\\\/fr\\\/laurent-garnier-live-pleyel\\\/\",\"name\":\"Laurent GARNIER Live @ PLEYEL &#8226; Xavier DESANDRE NAVARRE\",\"isPartOf\":{\"@id\":\"https:\\\/\\\/www.xavierdesandrenavarre.com\\\/#website\"},\"datePublished\":\"2016-03-30T14:27:41+00:00\",\"dateModified\":\"2017-03-06T11:03:10+00:00\",\"breadcrumb\":{\"@id\":\"https:\\\/\\\/www.xavierdesandrenavarre.com\\\/index.php\\\/fr\\\/laurent-garnier-live-pleyel\\\/#breadcrumb\"},\"inLanguage\":\"fr-FR\",\"potentialAction\":[{\"@type\":\"ReadAction\",\"target\":[\"https:\\\/\\\/www.xavierdesandrenavarre.com\\\/index.php\\\/fr\\\/laurent-garnier-live-pleyel\\\/\"]}]},{\"@type\":\"BreadcrumbList\",\"@id\":\"https:\\\/\\\/www.xavierdesandrenavarre.com\\\/index.php\\\/fr\\\/laurent-garnier-live-pleyel\\\/#breadcrumb\",\"itemListElement\":[{\"@type\":\"ListItem\",\"position\":1,\"name\":\"Accueil\",\"item\":\"https:\\\/\\\/www.xavierdesandrenavarre.com\\\/index.php\\\/fr\\\/actualites\\\/\"},{\"@type\":\"ListItem\",\"position\":2,\"name\":\"Laurent GARNIER Live @ PLEYEL\"}]},{\"@type\":\"WebSite\",\"@id\":\"https:\\\/\\\/www.xavierdesandrenavarre.com\\\/#website\",\"url\":\"https:\\\/\\\/www.xavierdesandrenavarre.com\\\/\",\"name\":\"Xavier Desandre Navarre\",\"description\":\"CREATIVE DRUMMING \",\"publisher\":{\"@id\":\"https:\\\/\\\/www.xavierdesandrenavarre.com\\\/#\\\/schema\\\/person\\\/d44923d7590d78b38ce0e9c1941a2c75\"},\"potentialAction\":[{\"@type\":\"SearchAction\",\"target\":{\"@type\":\"EntryPoint\",\"urlTemplate\":\"https:\\\/\\\/www.xavierdesandrenavarre.com\\\/?s={search_term_string}\"},\"query-input\":{\"@type\":\"PropertyValueSpecification\",\"valueRequired\":true,\"valueName\":\"search_term_string\"}}],\"inLanguage\":\"fr-FR\"},{\"@type\":[\"Person\",\"Organization\"],\"@id\":\"https:\\\/\\\/www.xavierdesandrenavarre.com\\\/#\\\/schema\\\/person\\\/d44923d7590d78b38ce0e9c1941a2c75\",\"name\":\"Xavier DESANDRE NAVARRE\",\"image\":{\"@type\":\"ImageObject\",\"inLanguage\":\"fr-FR\",\"@id\":\"https:\\\/\\\/secure.gravatar.com\\\/avatar\\\/f5d0177a75f71d2039289a3687726c1181fc9368e48f4469bd627ff20d15397b?s=96&d=mm&r=g\",\"url\":\"https:\\\/\\\/secure.gravatar.com\\\/avatar\\\/f5d0177a75f71d2039289a3687726c1181fc9368e48f4469bd627ff20d15397b?s=96&d=mm&r=g\",\"contentUrl\":\"https:\\\/\\\/secure.gravatar.com\\\/avatar\\\/f5d0177a75f71d2039289a3687726c1181fc9368e48f4469bd627ff20d15397b?s=96&d=mm&r=g\",\"caption\":\"Xavier DESANDRE NAVARRE\"},\"logo\":{\"@id\":\"https:\\\/\\\/secure.gravatar.com\\\/avatar\\\/f5d0177a75f71d2039289a3687726c1181fc9368e48f4469bd627ff20d15397b?s=96&d=mm&r=g\"}}]}<\/script>\n<!-- \/ Yoast SEO plugin. -->","yoast_head_json":{"title":"Laurent GARNIER Live @ PLEYEL &#8226; Xavier DESANDRE NAVARRE","robots":{"index":"index","follow":"follow","max-snippet":"max-snippet:-1","max-image-preview":"max-image-preview:large","max-video-preview":"max-video-preview:-1"},"canonical":"https:\/\/www.xavierdesandrenavarre.com\/index.php\/fr\/laurent-garnier-live-pleyel\/","og_locale":"fr_FR","og_type":"article","og_title":"Laurent GARNIER Live @ PLEYEL &#8226; Xavier DESANDRE NAVARRE","og_description":"Laurent GARNIER \u00ab\u00a0GNANMANKOUDJII\u00a0\u00bb, concert live \u00e0 la c\u00e9l\u00e8bre salle PLEYEL de Paris Concert enregistr\u00e9 \u00e0 la c\u00e9l\u00e8bre Salle Pleyel de Paris : Laurent Garnier et ses invit\u00e9s sur le titre\u00a0\u00ab\u00a0Gnanmankoudji\u00a0\u00bb. Laurent Garnier &#8211; \u00e9lectronique Scan X &#8211; \u00e9lectronique Benjamin Rippert &#8211; piano\/guitare Philippe Nadaud &#8211; saxophone\/clarinette Philippe Anicaux &#8211; trompette\/trombone Invit\u00e9s\u00a0: Anthony Joseph &#8211; voix &hellip; Lire la suite Laurent GARNIER Live @ PLEYEL","og_url":"https:\/\/www.xavierdesandrenavarre.com\/index.php\/fr\/laurent-garnier-live-pleyel\/","og_site_name":"Xavier DESANDRE NAVARRE","article_modified_time":"2017-03-06T11:03:10+00:00","twitter_card":"summary_large_image","schema":{"@context":"https:\/\/schema.org","@graph":[{"@type":"WebPage","@id":"https:\/\/www.xavierdesandrenavarre.com\/index.php\/fr\/laurent-garnier-live-pleyel\/","url":"https:\/\/www.xavierdesandrenavarre.com\/index.php\/fr\/laurent-garnier-live-pleyel\/","name":"Laurent GARNIER Live @ PLEYEL &#8226; Xavier DESANDRE NAVARRE","isPartOf":{"@id":"https:\/\/www.xavierdesandrenavarre.com\/#website"},"datePublished":"2016-03-30T14:27:41+00:00","dateModified":"2017-03-06T11:03:10+00:00","breadcrumb":{"@id":"https:\/\/www.xavierdesandrenavarre.com\/index.php\/fr\/laurent-garnier-live-pleyel\/#breadcrumb"},"inLanguage":"fr-FR","potentialAction":[{"@type":"ReadAction","target":["https:\/\/www.xavierdesandrenavarre.com\/index.php\/fr\/laurent-garnier-live-pleyel\/"]}]},{"@type":"BreadcrumbList","@id":"https:\/\/www.xavierdesandrenavarre.com\/index.php\/fr\/laurent-garnier-live-pleyel\/#breadcrumb","itemListElement":[{"@type":"ListItem","position":1,"name":"Accueil","item":"https:\/\/www.xavierdesandrenavarre.com\/index.php\/fr\/actualites\/"},{"@type":"ListItem","position":2,"name":"Laurent GARNIER Live @ PLEYEL"}]},{"@type":"WebSite","@id":"https:\/\/www.xavierdesandrenavarre.com\/#website","url":"https:\/\/www.xavierdesandrenavarre.com\/","name":"Xavier Desandre Navarre","description":"CREATIVE DRUMMING ","publisher":{"@id":"https:\/\/www.xavierdesandrenavarre.com\/#\/schema\/person\/d44923d7590d78b38ce0e9c1941a2c75"},"potentialAction":[{"@type":"SearchAction","target":{"@type":"EntryPoint","urlTemplate":"https:\/\/www.xavierdesandrenavarre.com\/?s={search_term_string}"},"query-input":{"@type":"PropertyValueSpecification","valueRequired":true,"valueName":"search_term_string"}}],"inLanguage":"fr-FR"},{"@type":["Person","Organization"],"@id":"https:\/\/www.xavierdesandrenavarre.com\/#\/schema\/person\/d44923d7590d78b38ce0e9c1941a2c75","name":"Xavier DESANDRE NAVARRE","image":{"@type":"ImageObject","inLanguage":"fr-FR","@id":"https:\/\/secure.gravatar.com\/avatar\/f5d0177a75f71d2039289a3687726c1181fc9368e48f4469bd627ff20d15397b?s=96&d=mm&r=g","url":"https:\/\/secure.gravatar.com\/avatar\/f5d0177a75f71d2039289a3687726c1181fc9368e48f4469bd627ff20d15397b?s=96&d=mm&r=g","contentUrl":"https:\/\/secure.gravatar.com\/avatar\/f5d0177a75f71d2039289a3687726c1181fc9368e48f4469bd627ff20d15397b?s=96&d=mm&r=g","caption":"Xavier DESANDRE NAVARRE"},"logo":{"@id":"https:\/\/secure.gravatar.com\/avatar\/f5d0177a75f71d2039289a3687726c1181fc9368e48f4469bd627ff20d15397b?s=96&d=mm&r=g"}}]}},"_links":{"self":[{"href":"https:\/\/www.xavierdesandrenavarre.com\/index.php\/wp-json\/wp\/v2\/pages\/1359","targetHints":{"allow":["GET"]}}],"collection":[{"href":"https:\/\/www.xavierdesandrenavarre.com\/index.php\/wp-json\/wp\/v2\/pages"}],"about":[{"href":"https:\/\/www.xavierdesandrenavarre.com\/index.php\/wp-json\/wp\/v2\/types\/page"}],"author":[{"embeddable":true,"href":"https:\/\/www.xavierdesandrenavarre.com\/index.php\/wp-json\/wp\/v2\/users\/3"}],"replies":[{"embeddable":true,"href":"https:\/\/www.xavierdesandrenavarre.com\/index.php\/wp-json\/wp\/v2\/comments?post=1359"}],"version-history":[{"count":6,"href":"https:\/\/www.xavierdesandrenavarre.com\/index.php\/wp-json\/wp\/v2\/pages\/1359\/revisions"}],"predecessor-version":[{"id":1422,"href":"https:\/\/www.xavierdesandrenavarre.com\/index.php\/wp-json\/wp\/v2\/pages\/1359\/revisions\/1422"}],"wp:attachment":[{"href":"https:\/\/www.xavierdesandrenavarre.com\/index.php\/wp-json\/wp\/v2\/media?parent=1359"}],"curies":[{"name":"wp","href":"https:\/\/api.w.org\/{rel}","templated":true}]}}