{"id":1342,"date":"2016-03-30T14:00:23","date_gmt":"2016-03-30T13:00:23","guid":{"rendered":"http:\/\/www.xavierdesandrenavarre.com\/?page_id=1342"},"modified":"2019-11-12T17:58:53","modified_gmt":"2019-11-12T16:58:53","slug":"wanderer-septet-yves-rousseau","status":"publish","type":"page","link":"https:\/\/www.xavierdesandrenavarre.com\/index.php\/fr\/wanderer-septet-yves-rousseau\/","title":{"rendered":"WANDERER Septet \/ Yves ROUSSEAU"},"content":{"rendered":"<p><img loading=\"lazy\" decoding=\"async\" class=\" wp-image-1343 alignleft\" src=\"https:\/\/www.xavierdesandrenavarre.com\/wp-content\/uploads\/2016\/03\/FACING_WANDERER_144x144-300x300.jpg\" alt=\"FACING_WANDERER_144x144\" width=\"323\" height=\"323\" srcset=\"https:\/\/www.xavierdesandrenavarre.com\/wp-content\/uploads\/2016\/03\/FACING_WANDERER_144x144-300x300.jpg 300w, https:\/\/www.xavierdesandrenavarre.com\/wp-content\/uploads\/2016\/03\/FACING_WANDERER_144x144-150x150.jpg 150w, https:\/\/www.xavierdesandrenavarre.com\/wp-content\/uploads\/2016\/03\/FACING_WANDERER_144x144-768x766.jpg 768w, https:\/\/www.xavierdesandrenavarre.com\/wp-content\/uploads\/2016\/03\/FACING_WANDERER_144x144-1024x1021.jpg 1024w, https:\/\/www.xavierdesandrenavarre.com\/wp-content\/uploads\/2016\/03\/FACING_WANDERER_144x144-365x365.jpg 365w, https:\/\/www.xavierdesandrenavarre.com\/wp-content\/uploads\/2016\/03\/FACING_WANDERER_144x144-500x500.jpg 500w, https:\/\/www.xavierdesandrenavarre.com\/wp-content\/uploads\/2016\/03\/FACING_WANDERER_144x144.jpg 1726w\" sizes=\"auto, (max-width: 323px) 100vw, 323px\" \/><\/p>\n<p><b>R\u00e9gis Huby<\/b>\u00a0\u2013 violon<\/p>\n<p><b>Jean-Marc Larch\u00e9<\/b> \u2013\u00a0saxophones<\/p>\n<p><b>Pierre-Fran\u00e7ois Roussillon <\/b>\u2013\u00a0clarinette basse<\/p>\n<p><b>Thierry P\u00e9ala<\/b>\u00a0\u2013 voix, textes<\/p>\n<p><b>Edouard Ferlet<\/b>\u00a0\u2013 piano<\/p>\n<p><b>Xavier Desandre Navarre<\/b>\u00a0\u2013\u00a0percussions<\/p>\n<p><b>Yves Rousseau<\/b>\u00a0\u2013 contrebasse,\u00a0composition<\/p>\n<p>&nbsp;<\/p>\n<p><b>Label Abalone Productions \/ L\u2019Autre Distribution\u00a0<\/b><\/p>\n<p><iframe loading=\"lazy\" title=\"Yves Rousseau Wanderer Septet\" src=\"https:\/\/player.vimeo.com\/video\/120674842?dnt=1&amp;app_id=122963\" width=\"640\" height=\"360\" frameborder=\"0\" allow=\"autoplay; fullscreen\" allowfullscreen><\/iframe><\/p>\n<p>De tout temps, Yves Rousseau s\u2019est forg\u00e9 une identit\u00e9 musicale dans l\u2019\u00e9coute de la musique, des musiques\u2026 comme il s\u2019est construit \u00e0 l\u2019architecture de Bach, au swing de Louis Armstrong ou \u00e0 l\u2019\u00e9coute de la voix de L\u00e9o Ferr\u00e9\u2026 plusieurs oeuvres de Franz Schubert ont \u00e9galement tenu une place centrale dans la formation musicale d\u2019Yves Rousseau, fascin\u00e9 par cette beaut\u00e9 qui le toucha jusqu\u2019au plus intime.\u2026 Impromptus, Sonates pour piano, quatuors et trios pour cordes jusqu\u2019\u00e0 l\u2019incontournable Symphonie \u00a0 \u00ab Inachev\u00e9e \u00bb\u2026<\/p>\n<p>C\u2019est en souvenir de ses exaltantes d\u00e9couvertes faites d\u00e8s l\u2019enfance, de la puissance \u00e9vocatrice contenue dans le g\u00e9nie m\u00e9lodique de Franz Schubert, qu\u2019Yves Rousseau a entrepris avec \u00ab\u00a0Wanderer Septet\u00a0\u00bb l\u2019\u00e9criture d\u2019un r\u00e9pertoire original bas\u00e9 sur une libre relecture de plusieurs extraits de ses \u0153uvres. Sur sc\u00e8ne\u00a0: un chanteur pour faire entendre quelques \u00e9changes tir\u00e9s de la correspondance du ma\u00eetre avec son fr\u00e8re ou ses amis et six musiciens dont plusieurs sont des improvisateurs qui comptent parmi les plus talentueux de la sc\u00e8ne musicale europ\u00e9enne.<\/p>\n<p>Diffusion\u00a0: <a href=\"https:\/\/pourfairebouillirlapluie.com\">Pour Faire bouillir la pluie<\/a><\/p>\n<p>&nbsp;<\/p>\n","protected":false},"excerpt":{"rendered":"<p>R\u00e9gis Huby\u00a0\u2013 violon Jean-Marc Larch\u00e9 \u2013\u00a0saxophones Pierre-Fran\u00e7ois Roussillon \u2013\u00a0clarinette basse Thierry P\u00e9ala\u00a0\u2013 voix, textes Edouard Ferlet\u00a0\u2013 piano Xavier Desandre Navarre\u00a0\u2013\u00a0percussions Yves Rousseau\u00a0\u2013 contrebasse,\u00a0composition &nbsp; Label Abalone Productions \/ L\u2019Autre Distribution\u00a0 De tout temps, Yves Rousseau s\u2019est forg\u00e9 une identit\u00e9 musicale dans l\u2019\u00e9coute de la musique, des musiques\u2026 comme il s\u2019est construit \u00e0 l\u2019architecture de Bach, &hellip; <a class=\"more-link\" href=\"https:\/\/www.xavierdesandrenavarre.com\/index.php\/fr\/wanderer-septet-yves-rousseau\/\">Lire la suite <span class=\"screen-reader-text\">WANDERER Septet \/ Yves ROUSSEAU<\/span><\/a><\/p>\n","protected":false},"author":3,"featured_media":0,"parent":0,"menu_order":0,"comment_status":"closed","ping_status":"closed","template":"","meta":{"__cvm_playback_settings":[],"__cvm_video_id":"","footnotes":""},"class_list":["post-1342","page","type-page","status-publish","hentry"],"yoast_head":"<!-- This site is optimized with the Yoast SEO plugin v27.4 - https:\/\/yoast.com\/product\/yoast-seo-wordpress\/ -->\n<title>WANDERER Septet \/ Yves ROUSSEAU &#8226; Xavier DESANDRE NAVARRE<\/title>\n<meta name=\"robots\" content=\"index, follow, max-snippet:-1, max-image-preview:large, max-video-preview:-1\" \/>\n<link rel=\"canonical\" href=\"https:\/\/www.xavierdesandrenavarre.com\/index.php\/fr\/wanderer-septet-yves-rousseau\/\" \/>\n<meta property=\"og:locale\" content=\"fr_FR\" \/>\n<meta property=\"og:type\" content=\"article\" \/>\n<meta property=\"og:title\" content=\"WANDERER Septet \/ Yves ROUSSEAU &#8226; Xavier DESANDRE NAVARRE\" \/>\n<meta property=\"og:description\" content=\"R\u00e9gis Huby\u00a0\u2013 violon Jean-Marc Larch\u00e9 \u2013\u00a0saxophones Pierre-Fran\u00e7ois Roussillon \u2013\u00a0clarinette basse Thierry P\u00e9ala\u00a0\u2013 voix, textes Edouard Ferlet\u00a0\u2013 piano Xavier Desandre Navarre\u00a0\u2013\u00a0percussions Yves Rousseau\u00a0\u2013 contrebasse,\u00a0composition &nbsp; Label Abalone Productions \/ L\u2019Autre Distribution\u00a0 De tout temps, Yves Rousseau s\u2019est forg\u00e9 une identit\u00e9 musicale dans l\u2019\u00e9coute de la musique, des musiques\u2026 comme il s\u2019est construit \u00e0 l\u2019architecture de Bach, &hellip; Lire la suite WANDERER Septet \/ Yves ROUSSEAU\" \/>\n<meta property=\"og:url\" content=\"https:\/\/www.xavierdesandrenavarre.com\/index.php\/fr\/wanderer-septet-yves-rousseau\/\" \/>\n<meta property=\"og:site_name\" content=\"Xavier DESANDRE NAVARRE\" \/>\n<meta property=\"article:modified_time\" content=\"2019-11-12T16:58:53+00:00\" \/>\n<meta property=\"og:image\" content=\"http:\/\/www.xavierdesandrenavarre.com\/wp-content\/uploads\/2016\/03\/FACING_WANDERER_144x144-300x300.jpg\" \/>\n<meta name=\"twitter:card\" content=\"summary_large_image\" \/>\n<meta name=\"twitter:label1\" content=\"Dur\u00e9e de lecture estim\u00e9e\" \/>\n\t<meta name=\"twitter:data1\" content=\"2 minutes\" \/>\n<script type=\"application\/ld+json\" class=\"yoast-schema-graph\">{\"@context\":\"https:\\\/\\\/schema.org\",\"@graph\":[{\"@type\":\"WebPage\",\"@id\":\"https:\\\/\\\/www.xavierdesandrenavarre.com\\\/index.php\\\/fr\\\/wanderer-septet-yves-rousseau\\\/\",\"url\":\"https:\\\/\\\/www.xavierdesandrenavarre.com\\\/index.php\\\/fr\\\/wanderer-septet-yves-rousseau\\\/\",\"name\":\"WANDERER Septet \\\/ Yves ROUSSEAU &#8226; Xavier DESANDRE NAVARRE\",\"isPartOf\":{\"@id\":\"https:\\\/\\\/www.xavierdesandrenavarre.com\\\/#website\"},\"primaryImageOfPage\":{\"@id\":\"https:\\\/\\\/www.xavierdesandrenavarre.com\\\/index.php\\\/fr\\\/wanderer-septet-yves-rousseau\\\/#primaryimage\"},\"image\":{\"@id\":\"https:\\\/\\\/www.xavierdesandrenavarre.com\\\/index.php\\\/fr\\\/wanderer-septet-yves-rousseau\\\/#primaryimage\"},\"thumbnailUrl\":\"http:\\\/\\\/www.xavierdesandrenavarre.com\\\/wp-content\\\/uploads\\\/2016\\\/03\\\/FACING_WANDERER_144x144-300x300.jpg\",\"datePublished\":\"2016-03-30T13:00:23+00:00\",\"dateModified\":\"2019-11-12T16:58:53+00:00\",\"breadcrumb\":{\"@id\":\"https:\\\/\\\/www.xavierdesandrenavarre.com\\\/index.php\\\/fr\\\/wanderer-septet-yves-rousseau\\\/#breadcrumb\"},\"inLanguage\":\"fr-FR\",\"potentialAction\":[{\"@type\":\"ReadAction\",\"target\":[\"https:\\\/\\\/www.xavierdesandrenavarre.com\\\/index.php\\\/fr\\\/wanderer-septet-yves-rousseau\\\/\"]}]},{\"@type\":\"ImageObject\",\"inLanguage\":\"fr-FR\",\"@id\":\"https:\\\/\\\/www.xavierdesandrenavarre.com\\\/index.php\\\/fr\\\/wanderer-septet-yves-rousseau\\\/#primaryimage\",\"url\":\"http:\\\/\\\/www.xavierdesandrenavarre.com\\\/wp-content\\\/uploads\\\/2016\\\/03\\\/FACING_WANDERER_144x144-300x300.jpg\",\"contentUrl\":\"http:\\\/\\\/www.xavierdesandrenavarre.com\\\/wp-content\\\/uploads\\\/2016\\\/03\\\/FACING_WANDERER_144x144-300x300.jpg\"},{\"@type\":\"BreadcrumbList\",\"@id\":\"https:\\\/\\\/www.xavierdesandrenavarre.com\\\/index.php\\\/fr\\\/wanderer-septet-yves-rousseau\\\/#breadcrumb\",\"itemListElement\":[{\"@type\":\"ListItem\",\"position\":1,\"name\":\"Accueil\",\"item\":\"https:\\\/\\\/www.xavierdesandrenavarre.com\\\/index.php\\\/fr\\\/actualites\\\/\"},{\"@type\":\"ListItem\",\"position\":2,\"name\":\"WANDERER Septet \\\/ Yves ROUSSEAU\"}]},{\"@type\":\"WebSite\",\"@id\":\"https:\\\/\\\/www.xavierdesandrenavarre.com\\\/#website\",\"url\":\"https:\\\/\\\/www.xavierdesandrenavarre.com\\\/\",\"name\":\"Xavier Desandre Navarre\",\"description\":\"CREATIVE DRUMMING \",\"publisher\":{\"@id\":\"https:\\\/\\\/www.xavierdesandrenavarre.com\\\/#\\\/schema\\\/person\\\/d44923d7590d78b38ce0e9c1941a2c75\"},\"potentialAction\":[{\"@type\":\"SearchAction\",\"target\":{\"@type\":\"EntryPoint\",\"urlTemplate\":\"https:\\\/\\\/www.xavierdesandrenavarre.com\\\/?s={search_term_string}\"},\"query-input\":{\"@type\":\"PropertyValueSpecification\",\"valueRequired\":true,\"valueName\":\"search_term_string\"}}],\"inLanguage\":\"fr-FR\"},{\"@type\":[\"Person\",\"Organization\"],\"@id\":\"https:\\\/\\\/www.xavierdesandrenavarre.com\\\/#\\\/schema\\\/person\\\/d44923d7590d78b38ce0e9c1941a2c75\",\"name\":\"Xavier DESANDRE NAVARRE\",\"image\":{\"@type\":\"ImageObject\",\"inLanguage\":\"fr-FR\",\"@id\":\"https:\\\/\\\/secure.gravatar.com\\\/avatar\\\/f5d0177a75f71d2039289a3687726c1181fc9368e48f4469bd627ff20d15397b?s=96&d=mm&r=g\",\"url\":\"https:\\\/\\\/secure.gravatar.com\\\/avatar\\\/f5d0177a75f71d2039289a3687726c1181fc9368e48f4469bd627ff20d15397b?s=96&d=mm&r=g\",\"contentUrl\":\"https:\\\/\\\/secure.gravatar.com\\\/avatar\\\/f5d0177a75f71d2039289a3687726c1181fc9368e48f4469bd627ff20d15397b?s=96&d=mm&r=g\",\"caption\":\"Xavier DESANDRE NAVARRE\"},\"logo\":{\"@id\":\"https:\\\/\\\/secure.gravatar.com\\\/avatar\\\/f5d0177a75f71d2039289a3687726c1181fc9368e48f4469bd627ff20d15397b?s=96&d=mm&r=g\"}}]}<\/script>\n<!-- \/ Yoast SEO plugin. -->","yoast_head_json":{"title":"WANDERER Septet \/ Yves ROUSSEAU &#8226; Xavier DESANDRE NAVARRE","robots":{"index":"index","follow":"follow","max-snippet":"max-snippet:-1","max-image-preview":"max-image-preview:large","max-video-preview":"max-video-preview:-1"},"canonical":"https:\/\/www.xavierdesandrenavarre.com\/index.php\/fr\/wanderer-septet-yves-rousseau\/","og_locale":"fr_FR","og_type":"article","og_title":"WANDERER Septet \/ Yves ROUSSEAU &#8226; Xavier DESANDRE NAVARRE","og_description":"R\u00e9gis Huby\u00a0\u2013 violon Jean-Marc Larch\u00e9 \u2013\u00a0saxophones Pierre-Fran\u00e7ois Roussillon \u2013\u00a0clarinette basse Thierry P\u00e9ala\u00a0\u2013 voix, textes Edouard Ferlet\u00a0\u2013 piano Xavier Desandre Navarre\u00a0\u2013\u00a0percussions Yves Rousseau\u00a0\u2013 contrebasse,\u00a0composition &nbsp; Label Abalone Productions \/ L\u2019Autre Distribution\u00a0 De tout temps, Yves Rousseau s\u2019est forg\u00e9 une identit\u00e9 musicale dans l\u2019\u00e9coute de la musique, des musiques\u2026 comme il s\u2019est construit \u00e0 l\u2019architecture de Bach, &hellip; Lire la suite WANDERER Septet \/ Yves ROUSSEAU","og_url":"https:\/\/www.xavierdesandrenavarre.com\/index.php\/fr\/wanderer-septet-yves-rousseau\/","og_site_name":"Xavier DESANDRE NAVARRE","article_modified_time":"2019-11-12T16:58:53+00:00","og_image":[{"url":"http:\/\/www.xavierdesandrenavarre.com\/wp-content\/uploads\/2016\/03\/FACING_WANDERER_144x144-300x300.jpg","type":"","width":"","height":""}],"twitter_card":"summary_large_image","twitter_misc":{"Dur\u00e9e de lecture estim\u00e9e":"2 minutes"},"schema":{"@context":"https:\/\/schema.org","@graph":[{"@type":"WebPage","@id":"https:\/\/www.xavierdesandrenavarre.com\/index.php\/fr\/wanderer-septet-yves-rousseau\/","url":"https:\/\/www.xavierdesandrenavarre.com\/index.php\/fr\/wanderer-septet-yves-rousseau\/","name":"WANDERER Septet \/ Yves ROUSSEAU &#8226; Xavier DESANDRE NAVARRE","isPartOf":{"@id":"https:\/\/www.xavierdesandrenavarre.com\/#website"},"primaryImageOfPage":{"@id":"https:\/\/www.xavierdesandrenavarre.com\/index.php\/fr\/wanderer-septet-yves-rousseau\/#primaryimage"},"image":{"@id":"https:\/\/www.xavierdesandrenavarre.com\/index.php\/fr\/wanderer-septet-yves-rousseau\/#primaryimage"},"thumbnailUrl":"http:\/\/www.xavierdesandrenavarre.com\/wp-content\/uploads\/2016\/03\/FACING_WANDERER_144x144-300x300.jpg","datePublished":"2016-03-30T13:00:23+00:00","dateModified":"2019-11-12T16:58:53+00:00","breadcrumb":{"@id":"https:\/\/www.xavierdesandrenavarre.com\/index.php\/fr\/wanderer-septet-yves-rousseau\/#breadcrumb"},"inLanguage":"fr-FR","potentialAction":[{"@type":"ReadAction","target":["https:\/\/www.xavierdesandrenavarre.com\/index.php\/fr\/wanderer-septet-yves-rousseau\/"]}]},{"@type":"ImageObject","inLanguage":"fr-FR","@id":"https:\/\/www.xavierdesandrenavarre.com\/index.php\/fr\/wanderer-septet-yves-rousseau\/#primaryimage","url":"http:\/\/www.xavierdesandrenavarre.com\/wp-content\/uploads\/2016\/03\/FACING_WANDERER_144x144-300x300.jpg","contentUrl":"http:\/\/www.xavierdesandrenavarre.com\/wp-content\/uploads\/2016\/03\/FACING_WANDERER_144x144-300x300.jpg"},{"@type":"BreadcrumbList","@id":"https:\/\/www.xavierdesandrenavarre.com\/index.php\/fr\/wanderer-septet-yves-rousseau\/#breadcrumb","itemListElement":[{"@type":"ListItem","position":1,"name":"Accueil","item":"https:\/\/www.xavierdesandrenavarre.com\/index.php\/fr\/actualites\/"},{"@type":"ListItem","position":2,"name":"WANDERER Septet \/ Yves ROUSSEAU"}]},{"@type":"WebSite","@id":"https:\/\/www.xavierdesandrenavarre.com\/#website","url":"https:\/\/www.xavierdesandrenavarre.com\/","name":"Xavier Desandre Navarre","description":"CREATIVE DRUMMING ","publisher":{"@id":"https:\/\/www.xavierdesandrenavarre.com\/#\/schema\/person\/d44923d7590d78b38ce0e9c1941a2c75"},"potentialAction":[{"@type":"SearchAction","target":{"@type":"EntryPoint","urlTemplate":"https:\/\/www.xavierdesandrenavarre.com\/?s={search_term_string}"},"query-input":{"@type":"PropertyValueSpecification","valueRequired":true,"valueName":"search_term_string"}}],"inLanguage":"fr-FR"},{"@type":["Person","Organization"],"@id":"https:\/\/www.xavierdesandrenavarre.com\/#\/schema\/person\/d44923d7590d78b38ce0e9c1941a2c75","name":"Xavier DESANDRE NAVARRE","image":{"@type":"ImageObject","inLanguage":"fr-FR","@id":"https:\/\/secure.gravatar.com\/avatar\/f5d0177a75f71d2039289a3687726c1181fc9368e48f4469bd627ff20d15397b?s=96&d=mm&r=g","url":"https:\/\/secure.gravatar.com\/avatar\/f5d0177a75f71d2039289a3687726c1181fc9368e48f4469bd627ff20d15397b?s=96&d=mm&r=g","contentUrl":"https:\/\/secure.gravatar.com\/avatar\/f5d0177a75f71d2039289a3687726c1181fc9368e48f4469bd627ff20d15397b?s=96&d=mm&r=g","caption":"Xavier DESANDRE NAVARRE"},"logo":{"@id":"https:\/\/secure.gravatar.com\/avatar\/f5d0177a75f71d2039289a3687726c1181fc9368e48f4469bd627ff20d15397b?s=96&d=mm&r=g"}}]}},"_links":{"self":[{"href":"https:\/\/www.xavierdesandrenavarre.com\/index.php\/wp-json\/wp\/v2\/pages\/1342","targetHints":{"allow":["GET"]}}],"collection":[{"href":"https:\/\/www.xavierdesandrenavarre.com\/index.php\/wp-json\/wp\/v2\/pages"}],"about":[{"href":"https:\/\/www.xavierdesandrenavarre.com\/index.php\/wp-json\/wp\/v2\/types\/page"}],"author":[{"embeddable":true,"href":"https:\/\/www.xavierdesandrenavarre.com\/index.php\/wp-json\/wp\/v2\/users\/3"}],"replies":[{"embeddable":true,"href":"https:\/\/www.xavierdesandrenavarre.com\/index.php\/wp-json\/wp\/v2\/comments?post=1342"}],"version-history":[{"count":13,"href":"https:\/\/www.xavierdesandrenavarre.com\/index.php\/wp-json\/wp\/v2\/pages\/1342\/revisions"}],"predecessor-version":[{"id":1651,"href":"https:\/\/www.xavierdesandrenavarre.com\/index.php\/wp-json\/wp\/v2\/pages\/1342\/revisions\/1651"}],"wp:attachment":[{"href":"https:\/\/www.xavierdesandrenavarre.com\/index.php\/wp-json\/wp\/v2\/media?parent=1342"}],"curies":[{"name":"wp","href":"https:\/\/api.w.org\/{rel}","templated":true}]}}